2 + 4*p + 3*p**3. What is the units digit of w(0)?
6
Let n(j) be the second derivative of 1/20*j**5 - 4/3*j**3 + 3/2*j**2 + 0 - 1/3*j**4 + 2*j. What is the tens digit of n(6)?
2
What is the hundreds digit of 120/420 - (-4154)/14?
2
Suppose -5*v - 258 = v. What is the units digit of (-1 - v) + (0 - 0)?
2
Let f be (-2)/(-8) + 45/12. Suppose d + 2 = 0, -2*v - 6 = f*d + 2. Suppose v = -i + 2*i - 19. What is the units digit of i?
9
Let l(r) = 67*r**2 + 46*r - 183. What is the tens digit of l(4)?
7
Let y = 1522 + -513. What is the thousands digit of y?
1
Suppose 0 = q + 3 - 6. Suppose 0 = -q*a + a + 34. What is the tens digit of a?
1
Let b(d) = 8*d**3 + d. Suppose 0 = -4*v - 0 + 8. What is the units digit of b(v)?
6
Let b(j) = -8*j - 68. Let q(g) = g - 1. Let a(n) = b(n) - 4*q(n). What is the units digit of a(-6)?
8
Suppose 0 = -4*s - 0*b + 3*b + 2307, 4*s = b + 2313. What is the hundreds digit of s?
5
Let j be (-57)/(-6) + 2/4. Let r be (-24)/j - (-6)/15. What is the tens digit of 410/25 - r/(-5)?
1
Let k(x) = 1480*x**3 - x**2 - 9*x + 10. What is the hundreds digit of k(1)?
4
Let b(d) = 3*d**2 - 2*d**2 - d - 5 + 1. Suppose 4*r - 4 = -28. What is the units digit of b(r)?
8
Let r = 70 - 28. Let n = r - -4. What is the units digit of n?
6
Let f(s) = -2*s - 3. Let p(d) = 3*d + 1. Let m be p(-1). Let q be f(m). What is the tens digit of (-1 - q)/((-2)/29)?
2
Let o(k) = k**3 + 4*k**2 - 57*k + 1. What is the tens digit of o(8)?
1
Suppose -297 - 1838 = -5*m. What is the hundreds digit of m?
4
Suppose 3*h + 5*j = 2*h - 14, 4*h + 2*j + 38 = 0. What is the units digit of (-691)/h + (-22)/(-99)?
7
Suppose 2*u + 5*v + 27 = 0, 2*u - v + 0*v + 9 = 0. What is the hundreds digit of (4 - 486)*(u/(-4))/(-3)?
2
Let h(w) = 270*w + 251. What is the units digit of h(19)?
1
What is the units digit of (0 + 2/4)/((-6)/(-1284))?
7
Suppose 0 = 3*y - 69 + 24. Let d be 4/(-10) - (-21)/y. What is the units digit of (2 - d)/(7/49)?
7
What is the hundreds digit of (-13)/((-143)/110) - -1430?
4
Suppose -136 = -11*r + 3*r. What is the tens digit of r?
1
Suppose -5 = -0*j - j. Suppose j*h - 4*k = 12, 3*h + 4*k = 4 - 16. Suppose -n - n = 6, 3*u + 2*n - 69 = h. What is the tens digit of u?
2
Let u(d) = 21*d**3 - 3*d**2 - 6*d - 11. What is the tens digit of u(4)?
6
Suppose 0 = -4*g - 5*p - 14, p = -4*g + 3*p. What is the hundreds digit of g/3 + (-6060)/(-36)?
1
Let z = 21 + -11. Suppose 4*p - 330 - z = 0. Let g = p - 58. What is the units digit of g?
7
Suppose -120 = -w + 5*y - 7*y, 2*y = -4. Let k = -27 + w. What is the units digit of k?
7
Let c(w) = w + 3. Let l(i) = -i - 5. Let j be l(-10). Suppose -5*p + 35 = -m - m, 30 = j*p - m. What is the units digit of c(p)?
8
Let r(v) be the first derivative of -v**3/3 + 23*v**2/2 - 21*v + 5. What is the tens digit of r(15)?
9
Let m(n) = -n**3 - 8*n**2 - 9*n - 6. Let j be m(-4). Let d = -14 - j. What is the tens digit of d?
2
Let l = 979 - 93. What is the units digit of l?
6
What is the hundreds digit of ((-2004)/14)/((-39)/182)?
6
Let r = 65 + -65. Suppose r = -5*c - 92 + 252. What is the tens digit of c?
3
Let s be (-75)/30*(-36)/10. Suppose -3*k - s = 6. What is the tens digit of 118*(k/(-10))/1?
5
Let b(c) = -c**3 + 14*c**2 + 13*c - 18. Let q be b(12). Suppose -8*o = -5*o - q. What is the hundreds digit of o?
1
Suppose -v = 1 - 7. Suppose v = 5*h - 3*h. What is the units digit of (0 + h)*56/12?
4
Let s = 772 - 160. What is the units digit of s?
2
Suppose 0 = 4*o - 8 - 12. Suppose -u + 450 = o*u. Suppose -m = -0*m + c - 21, 3*m = c + u. What is the tens digit of m?
2
Let v(b) = 5*b**2 - 18. Suppose 2*q + 16 = 6*g - 8*g, 2*q = -4*g - 20. What is the tens digit of v(q)?
6
Let i be (-1 - -1) + 14/49*7. Suppose -i*k + w = -0*k - 71, -39 = -k - 3*w. What is the units digit of k?
6
Let w(q) = 4*q**2 + 19*q - 54. What is the units digit of w(14)?
6
Suppose -4*t - 3*v = -0*v - 1071, t + v = 269. Suppose -6*n = -2*n - t. What is the units digit of n?
6
Let m = 4 - -7. Suppose -m*z + 190 = -6*z. What is the tens digit of z?
3
Let y(c) = 12*c - 30. Let m be y(-6). What is the tens digit of 404/34 + (-12)/m?
1
Suppose -7*f + 12 = -5*f. Suppose 5*v - 4*w = -f*w + 872, 865 = 5*v - 5*w. What is the hundreds digit of v?
1
Let d(c) = -c**2 + 2*c + 5. Let n be d(4). Let q be (-9)/(-6)*(-8)/n. Suppose q*t - 74 = 62. What is the units digit of t?
4
Let y = -1 + 11. What is the tens digit of (-2079)/(-35) + (-4)/y?
5
Suppose -4*k - 4*o - 20 = 0, -k + 5*o + 15 + 10 = 0. Let h(q) = q**3 + q**2 - q - 26. Let r be h(k). What is the units digit of ((-3)/(-6) + -1)*r?
3
Suppose 0 = 3*l - 3*y - 21, 2*l = -y + 12 - 1. Suppose 3*a - l*a = -180. Suppose 0 = -u - 3*u + a. What is the tens digit of u?
1
Suppose -14*o = -4*o - 3410. What is the tens digit of o?
4
Suppose 2*c + 48 + 0 = 0. Let s = -21 - c. Suppose 4*v - 75 = -5*i, -1 = 2*i + s*v - 38. What is the tens digit of i?
1
Let s be (-2)/(-6) + (-4389)/(-9). Let t be s/12 - (-2)/(-3). Let n = t - 16. What is the tens digit of n?
2
Let t(l) = -l - 24. Let r be t(-20). Let a(f) = -2*f**3 + 2*f + 4. What is the hundreds digit of a(r)?
1
Let k be 1 - (-4)/(8/4). Suppose -k*x - 3*g = 0, 0 = 3*x - 3*g + 8 - 20. Suppose f + 116 = 6*f + x*i, -3*i + 66 = 3*f. What is the tens digit of f?
2
Let p(g) = g**2 - 3*g - 26. What is the tens digit of p(-9)?
8
Let b = 122 + -84. Suppose -2*f + 29 = 5*x, 0*f - 4*x - 56 = -2*f. Let n = b - f. What is the units digit of n?
6
Let p = 2204 - 1427. What is the units digit of p?
7
Suppose 4*l - 88 = -4*l. Let t = 31 - l. What is the tens digit of t?
2
Let g(k) = 56*k + 666. What is the hundreds digit of g(43)?
0
Suppose p + l - 8830 = -4*p, p - 2*l = 1755. What is the units digit of p?
5
Let j(l) = 4*l**2 + 34*l + 7. What is the hundreds digit of j(-20)?
9
Suppose 2*r = -q + 324, 3*q - r - 963 = 2*r. Let t = q + -196. Let j = -90 + t. What is the units digit of j?
6
Suppose -3*p = 2*p. Suppose -3*q - 10 + 130 = p. Suppose -5*d + q = -u - 27, d - 23 = -3*u. What is the units digit of d?
4
What is the tens digit of 2/(-4)*(-296930)/(529/23)?
5
What is the hundreds digit of (-1461080)/(-320) + (-4)/(-32)?
5
What is the hundreds digit of (4/8*3)/(3/7730)?
8
Let j(i) = -i**2 - 76*i - 106. What is the hundreds digit of j(-47)?
2
Let a = -158 - -883. What is the hundreds digit of a?
7
What is the tens digit of 0 + -8 + 0 + 1714?
0
Suppose -5*a + a = -36. Suppose a + 1 = -x. Let r = x + 21. What is the tens digit of r?
1
Suppose 0 = -3*s + 4 + 2, x = -3*s + 8. Suppose -3*v = 2*v + 2*z - 137, x*v - 52 = 2*z. What is the units digit of v?
7
What is the hundreds digit of 3183 - (2 + (-60)/25)*15?
1
Let c = -14 + 13. What is the units digit of 0 + (-1)/c - -48?
9
Let x = 2188 + 1052. What is the hundreds digit of x?
2
Let u be 9*(-2 - -1 - 2). Let p = 49 + u. Suppose p = d - 19. What is the units digit of d?
1
Let p = 5 + -10. Let n(w) = -w**3 - 5*w**2 - w - 4. Let q be n(p). Let c(v) = 3*v. What is the units digit of c(q)?
3
Suppose 4*z = 12 + 24. Let y(b) = b**3 - 6*b**2 - b - 14. What is the units digit of y(z)?
0
Suppose -2*q + 96 - 30 = 0. Suppose -4*v = w - 1, 3*w - 5*v = -2*v + q. What is the units digit of w?
9
Suppose 0 = 4*p - 2*p. Suppose 4*g = -3*h + 144, -4*g - 5*h + 34 + 118 = p. Suppose 3*n - g = 6. What is the units digit of n?
3
Let g(d) = 5*d + 1. Let l(f) = -5*f - 1. Let y(t) = 6*g(t) + 7*l(t). Let b be y(-2). Suppose -4*h + b*h = -3*m + 77, -h = 4*m - 80. What is the tens digit of m?
1
Let r = 482 - -276. Suppose 5*l - 170 = -n, 2*l + 0*l - r = -5*n. Let x = n - 82. What is the tens digit of x?
6
Suppose 4*l - 2*v - 762 = 0, -2*l - 3*l + 920 = 4*v. Suppose -5*f + 281 = -0*h + 3*h, 2*h + 4*f - l = 0. What is the tens digit of h?
9
Suppose -4*u = -u - 12. Suppose -i = u - 7. Suppose -8 = 4*q, i*l - 2*q - 139 = -3. What is the tens digit of l?
4
What is the tens digit of 4428/4 - (-4 - -8)?
0
Suppose -2*o - 6*o + 2944 = 0. Suppose o = 9*n - 5*n. What is the tens digit of n?
9
Let j be 183/3 + -3 + -3. Suppose 4*x = 3*v - 179, -3*v + 2*v = x - j. What is the tens digit of v?
5
Suppose t = -13 + 103. Let o(l) = -2*l - 1. Let u be o(-2). Suppose -4*r = -5*n + t, u*n + r - 91 = -4*r. What is the tens digit of n?
2
Let p be (-30)/(-7) - (-6)/(-21). Suppose -3*a - 3*v + 36 = 0, -a = 2*a 